the prime factors of 1987078.
2, 173, 5743
List the prime factors of 302448.
2, 3, 6301
List the prime factors of 17984649.
3, 53, 113111
List the prime factors of 6698033.
6698033
List the prime factors of 42743.
42743
List the prime factors of 12770826.
2, 3, 97, 21943
List the prime factors of 50108.
2, 12527
List the prime factors of 685577.
19, 36083
What are the prime factors of 531788?
2, 132947
List the prime factors of 347024.
2, 23, 41
What are the prime factors of 3954478?
2, 11, 179749
What are the prime factors of 6008241?
3, 2002747
List the prime factors of 278806.
2, 11, 19, 23, 29
List the prime factors of 5050004.
2, 701, 1801
List the prime factors of 123045.
3, 5, 13, 631
List the prime factors of 1614266.
2, 149, 5417
List the prime factors of 274450.
2, 5, 11, 499
List the prime factors of 131953.
127, 1039
What are the prime factors of 267990?
2, 3, 5, 8933
What are the prime factors of 2000729?
601, 3329
What are the prime factors of 7227579?
3, 2409193
List the prime factors of 17348111.
11, 1577101
List the prime factors of 33489941.
33489941
What are the prime factors of 234003?
3, 7, 11, 1013
List the prime factors of 2795845.
5, 13, 43013
List the prime factors of 479027.
479027
What are the prime factors of 5613763?
5613763
List the prime factors of 4940279.
4940279
List the prime factors of 1105020.
2, 3, 5, 7, 877
List the prime factors of 6528725.
5, 7, 37307
List the prime factors of 592330.
2, 5, 59233
List the prime factors of 2228423.
2228423
List the prime factors of 681606.
2, 3, 19, 1993
What are the prime factors of 646263?
3, 71807
List the prime factors of 1266871.
263, 4817
What are the prime factors of 936860?
2, 5, 139, 337
List the prime factors of 325757.
29, 47, 239
What are the prime factors of 689458?
2, 7, 11, 37
What are the prime factors of 727706?
2, 7, 59, 881
List the prime factors of 6754335.
3, 5, 7, 64327
What are the prime factors of 8341237?
17, 490661
What are the prime factors of 10522956?
2, 3, 876913
List the prime factors of 9710627.
9710627
List the prime factors of 33041750.
2, 5, 7, 79, 239
What are the prime factors of 726041?
23, 31567
List the prime factors of 938875.
5, 7, 29, 37
List the prime factors of 15169294.
2, 7, 769, 1409
List the prime factors of 419106.
2, 3, 23, 3037
List the prime factors of 226473.
3, 13, 5807
List the prime factors of 4658536.
2, 582317
List the prime factors of 14795103.
3, 509, 9689
List the prime factors of 25566208.
2, 24967
What are the prime factors of 698919?
3, 13, 17921
What are the prime factors of 161167?
161167
What are the prime factors of 531480?
2, 3, 5, 43, 103
What are the prime factors of 794608?
2, 49663
List the prime factors of 6747005.
5, 1349401
List the prime factors of 7707117.
3, 11, 233549
List the prime factors of 4135251.
3, 59, 61, 383
List the prime factors of 660828.
2, 3, 7, 7867
List the prime factors of 2880803.
17, 97, 1747
What are the prime factors of 676437?
3, 225479
List the prime factors of 12170811.
3, 19, 213523
What are the prime factors of 620160?
2, 3, 5, 17, 19
List the prime factors of 8603080.
2, 5, 215077
What are the prime factors of 1512326?
2, 41, 18443
What are the prime factors of 123494?
2, 7, 8821
List the prime factors of 3443538.
2, 3, 7, 163, 503
What are the prime factors of 14344962?
2, 3, 19, 23, 5471
List the prime factors of 6425956.
2, 151, 10639
List the prime factors of 111688.
2, 23, 607
What are the prime factors of 2274214?
2, 59, 19273
What are the prime factors of 1920472?
2, 240059
What are the prime factors of 78906?
2, 3, 13151
What are the prime factors of 16984547?
17, 999091
What are the prime factors of 3271265?
5, 229, 2857
What are the prime factors of 1253087?
11, 17, 6701
What are the prime factors of 40242417?
3, 17, 789067
List the prime factors of 131178.
2, 3, 21863
List the prime factors of 967002.
2, 3, 161167
What are the prime factors of 5156?
2, 1289
What are the prime factors of 18373308?
2, 3, 59, 25951
List the prime factors of 211304.
2, 61, 433
What are the prime factors of 214022?
2, 113, 947
What are the prime factors of 509402?
2, 487, 523
List the prime factors of 405779.
11, 37, 997
List the prime factors of 553053.
3, 184351
What are the prime factors of 55267?
17, 3251
What are the prime factors of 299962?
2, 13, 83, 139
List the prime factors of 318520.
2, 5, 7963
List the prime factors of 2034936.
2, 3, 9421
List the prime factors of 606405.
3, 5, 40427
What are the prime factors of 994547?
43, 101, 229
List the prime factors of 1327287.
3, 13, 34033
List the prime factors of 3597307.
7, 149, 3449
List the prime factors of 780920.
2, 5, 7, 2789
List the prime factors of 17739416.
2, 29, 76463
What are the prime factors of 1036601?
43, 24107
List the prime factors of 1958102.
2, 19, 227
What are the prime factors of 1163473?
1163473
List the prime factors of 8088333.
3, 11, 131, 1871
What are the prime factors of 621152?
2, 7, 47, 59
What are the prime factors of 1898521?
1898521
What are the prime factors of 232031?
331, 701
What are the prime factors of 8446881?
3, 2815627
List the prime factors of 61032.
2, 3, 2543
List the prime factors of 2113447.
7, 23, 13127
List the prime factors of 447478.
2, 37, 6047
List the prime factors of 2326742.
2, 11, 105761
List the prime factors of 4016183.
167, 24049
List the prime factors of 293111.
7, 13, 3221
What are the prime factors of 277451?
107, 2593
What are the prime factors of 25785?
3, 5, 191
What are the prime factors of 14501970?
2, 3, 5, 7, 7673
What are the prime factors of 125178?
2, 3, 31, 673
What are the prime factors of 6879975?
3, 5, 91733
List the prime factors of 6114369.
3, 2038123
What are the prime factors of 1991162?
2, 19, 61, 859
What are the prime factors of 8817284?
2, 7, 314903
List the prime factors of 966840.
2, 3, 5, 7, 1151
List the prime factors of 2322150.
2, 3, 5, 113, 137
List the prime factors of 11284587.
3, 1051, 1193
List the prime factors of 31904.
2, 997
List the prime factors of 2096208.
2, 3, 14557
What are the prime factors of 1686487?
11, 139, 1103
List the prime factors of 511461.
3, 19, 997
List the prime factors of 2217811.
43, 51577
List the prime factors of 12177523.
12177523
What are the prime factors of 602125?
5, 4817
List the prime factors of 1476936.
2, 3, 73, 281
What are the prime factors of 4760003?
4760003
List the prime factors of 11303553.
3, 3767851
What are the prime factors of 5775063?
3, 7, 275003
What are the prime factors of 6460305?
3, 5, 83, 5189
List the prime factors of 170597.
7, 24371
List the prime factors of 203966.
2, 7, 17, 857
List the prime factors of 325645.
5, 65129
What are the prime factors of 13161805?
5, 2632361
List the prime factors of 288123.
3, 11, 8731
List the prime factors of 15869820.
2, 3, 5, 59, 4483
List the prime factors of 716270.
2, 5, 41, 1747
What are the prime factors of 12594638?
2, 7, 899617
List the prime factors of 272409.
3, 90803
What are the prime factors of 625280?
2, 5, 977
What are the prime factors of 1399765?
5, 71, 3943
List the prime factors of 10833949.
7, 221101
What are the prime factors of 61647?
3, 20549
What are the prime factors of 21310704?
2, 3, 19, 7789
List the prime factors of 7841340.
2, 3, 5, 13, 1117
What are the prime factors of 464698?
2, 13, 61, 293
List the prime factors of 13523.
13523
What are the prime factors of 722696?
2, 13, 6949
What are the prime factors of 22909049?
22909049
List the prime factors of 2542289.
43, 59123
What are the prime factors of 1114339?
41, 27179
List the prime factors of 289375.
5, 463
List the prime factors of 3360835.
5, 672167
List the prime factors of 1163065.
5, 457, 509
List the prime factors of 10822508.
2, 2705627
What are the prime factors of 106485?
3, 5, 31, 229
List the prime factors of 6397318.
2, 3198659
List the prime factors of 2125056.
2, 3, 2767
What are the prime factors of 12993830?
2, 5, 317, 4099
List the prime factors of 843516.
2, 3, 23431
What are the prime factors of 135057?
3, 13, 3463
What are the prime factors of 612865?
5, 11, 1013
List the prime factors of 2190249.
3, 397, 613
List the prime factors of 1486701.
3, 17, 41, 79
What are the prime factors of 408876?
2, 3, 13, 2621
List the prime f